 the billions digit of 1667999421?
1
What is the units digit of 46861153?
3
What is the units digit of 2421779766?
6
What is the hundred thousands digit of 1303604136?
6
What is the millions digit of 157846140?
7
What is the ten millions digit of 193146340?
9
What is the units digit of 610353232?
2
What is the units digit of 441296672?
2
What is the units digit of 351540394?
4
What is the hundred millions digit of 1969157807?
9
What is the thousands digit of 229137134?
7
What is the millions digit of 354860140?
4
What is the ten millions digit of 432259163?
3
What is the thousands digit of 160249134?
9
What is the ten thousands digit of 288597422?
9
What is the ten thousands digit of 1557554002?
5
What is the units digit of 754293379?
9
What is the ten millions digit of 23920331?
2
What is the hundred thousands digit of 1849900946?
9
What is the units digit of 2191489942?
2
What is the millions digit of 4222515194?
2
What is the tens digit of 1421578604?
0
What is the millions digit of 7509475?
7
What is the millions digit of 1314179907?
4
What is the ten thousands digit of 1502461?
0
What is the ten thousands digit of 173850381?
5
What is the units digit of 282559863?
3
What is the millions digit of 46905115?
6
What is the ten millions digit of 555023255?
5
What is the ten thousands digit of 2708630?
0
What is the billions digit of 1170473410?
1
What is the hundred millions digit of 672989409?
6
What is the tens digit of 50792294?
9
What is the ten millions digit of 208580315?
0
What is the units digit of 5041786217?
7
What is the ten millions digit of 47228872?
4
What is the ten millions digit of 447307673?
4
What is the thousands digit of 2678558932?
8
What is the millions digit of 259582297?
9
What is the thousands digit of 492231852?
1
What is the tens digit of 85599931?
3
What is the hundreds digit of 27581273?
2
What is the thousands digit of 2475608719?
8
What is the hundred thousands digit of 54656222?
6
What is the hundred thousands digit of 257462409?
4
What is the ten thousands digit of 130914176?
1
What is the tens digit of 286579186?
8
What is the millions digit of 2822612395?
2
What is the hundreds digit of 3505139352?
3
What is the billions digit of 3421915010?
3
What is the tens digit of 217720618?
1
What is the tens digit of 32972835?
3
What is the units digit of 226156631?
1
What is the millions digit of 119579285?
9
What is the ten millions digit of 227424594?
2
What is the hundreds digit of 2559151649?
6
What is the hundred thousands digit of 85996381?
9
What is the units digit of 274135218?
8
What is the thousands digit of 87242011?
2
What is the hundred thousands digit of 268308506?
3
What is the ten millions digit of 571013354?
7
What is the thousands digit of 2291341658?
1
What is the billions digit of 5149029767?
5
What is the thousands digit of 200413496?
3
What is the hundred thousands digit of 8841315?
8
What is the ten thousands digit of 118044979?
4
What is the ten thousands digit of 159461697?
6
What is the millions digit of 1061152469?
1
What is the ten millions digit of 79950748?
7
What is the millions digit of 3030548740?
0
What is the units digit of 38931342?
2
What is the units digit of 45793460?
0
What is the hundreds digit of 51771523?
5
What is the ten thousands digit of 484116184?
1
What is the millions digit of 684020559?
4
What is the thousands digit of 1176278?
6
What is the millions digit of 3600854159?
0
What is the hundreds digit of 800164817?
8
What is the ten thousands digit of 124007821?
0
What is the units digit of 67292950?
0
What is the ten thousands digit of 7554962?
5
What is the millions digit of 18609103?
8
What is the ten thousands digit of 1650972925?
7
What is the thousands digit of 76545351?
5
What is the millions digit of 5090288475?
0
What is the tens digit of 5875583076?
7
What is the ten thousands digit of 224874475?
7
What is the units digit of 27156918?
8
What is the ten thousands digit of 98985624?
8
What is the hundreds digit of 218111493?
4
What is the tens digit of 74107866?
6
What is the hundreds digit of 100031342?
3
What is the hundreds digit of 19253573?
5
What is the millions digit of 374904711?
4
What is the hundreds digit of 85509501?
5
What is the millions digit of 50059175?
0
What is the hundred thousands digit of 2715921376?
9
What is the millions digit of 627551953?
7
What is the millions digit of 221023045?
1
What is the units digit of 20394269?
9
What is the hundreds digit of 114040468?
4
What is the units digit of 108686870?
0
What is the hundred millions digit of 3883444988?
8
What is the ten millions digit of 22772588?
2
What is the ten thousands digit of 221346536?
4
What is the tens digit of 639853052?
5
What is the units digit of 5668792?
2
What is the ten thousands digit of 3152379207?
7
What is the units digit of 1770407404?
4
What is the ten thousands digit of 1535822608?
2
What is the units digit of 845772630?
0
What is the billions digit of 3791853406?
3
What is the hundred thousands digit of 461368788?
3
What is the hundreds digit of 1772770961?
9
What is the hundreds digit of 18427234?
2
What is the hundred thousands digit of 596353260?
3
What is the millions digit of 356308940?
6
What is the hundred millions digit of 4026582694?
0
What is the units digit of 1241849?
9
What is the tens digit of 251280985?
8
What is the ten millions digit of 37932640?
3
What is the tens digit of 147413418?
1
What is the units digit of 500352274?
4
What is the hundred millions digit of 4333399758?
3
What is the thousands digit of 64024039?
4
What is the thousands digit of 2806119458?
9
What is the millions digit of 21281361?
1
What is the units digit of 637422218?
8
What is the hundreds digit of 763229030?
0
What is the ten thousands digit of 17294270?
9
What is the hundreds digit of 515604715?
7
What is the thousands digit of 205108490?
8
What is the tens digit of 869423743?
4
What is the millions digit of 182949277?
2
What is the hundreds digit of 253770410?
4
What is the ten thousands digit of 5598846?
9
What is the tens digit of 40287568?
6
What is the ten thousands digit of 521856976?
5
What is the ten thousands digit of 2210420329?
2
What is the tens digit of 2273946123?
2
What is the tens digit of 1471999253?
5
What is the thousands digit of 63432279?
2
What is the hundred millions digit of 207498859?
2
What is the ten thousands digit of 550678056?
7
What is the hundred thousands digit of 6683240414?
2
What is the millions digit of 35783948?
5
What is the units digit of 35685318?
8
What is the thousands digit of 113276177?
6
What is the tens digit of 2089830127?
2
What is the ten millions digit of 436261741?
3
What is the thousands digit of 43027168?
7
What is the thousands digit of 570271716?
1
What is the ten thousands digit of 1369375016?
7
What is the hundred thousands digit of 2707122554?
1
What is the tens digit of 1552270787?
8
What is the hundred thousands digit of 353580195?
5
What is the units digit of 494775940?
0
What is the thousands digit of 2355030147?
0
What is the ten millions digit of 4809602723?
0
What is the tens digit of 3542171752?
5
What is the ten millions digit of 1437711301?
3
What is the hundred thousands digit of 8456583?
4
What is the units digit of 9250444?
4
What is the hundreds digit of 174913618?
6
What is the hundred thousands digit of 5812369193?
3
What is the hundred thousands digit of 59492584?
4
What is the units digit of 478305921?
1
What is the hundred millions digit of 340410955?
3
What is the hundred thousands digit of 2547943717?
9
What is the ten millions digit of 103135226?
0
What is the ten millions digit of 540010753?
4
What is the tens digit of 180641516?
1
What is the tens digit of 980461769?
6
What is the hundreds digit of 27464962?
9
What is the units digit of 58038309?
9
What is the ten thousands digit of 57649885?
4
What is the ten millions digit of 253077326?
5
What is the millions digit of 2028265324?
8
What is the hundred thousands digit of 96034257?
0
What is the millions digit of 377762266?
7
What is the units digit of 265086769?
9
What is the units digit of 1195983769?
9
What is the thousands digit of 207260212?
0
What is the hundred millions digit of 1540604087?
5
What is the ten millions digit o